14402
27aa2 (base 13) to base 12
37017
Convert 111101010 (base 2) to base 6.
2134
Convert 402 (base 9) to base 10.
326
What is -310010 (base 5) in base 12?
-5959
1604 (base 7) to base 9
782
Convert 1799a (base 14) to base 7.
335353
What is -21022121 (base 3) in base 2?
-1010011010111
What is 13430 (base 9) in base 16?
238b
What is -664 (base 14) in base 3?
-1201211
What is cbb (base 15) in base 9?
3845
-20087 (base 9) to base 11
-9a11
What is -1251455 (base 6) in base 3?
-10111202122
-280 (base 10) to base 15
-13a
What is 11122111 (base 3) in base 9?
4574
-320012 (base 6) to base 9
-38508
What is 37115 (base 11) in base 15?
10c37
-11a47 (base 11) to base 12
-9b81
340411 (base 6) to base 3
1110022121
What is -21e7 (base 15) in base 7?
-26653
Convert -43c6 (base 13) to base 2.
-10010011110001
What is 3951 (base 12) in base 13?
2c92
What is -12b (base 13) in base 4?
-3032
Convert 66346 (base 7) to base 8.
40405
Convert -2404 (base 14) to base 6.
-45020
20264 (base 7) to base 11
3797
Convert 5b0 (base 14) to base 7.
3210
What is 122323 (base 5) in base 13?
21b7
Convert -4637 (base 12) to base 7.
-31540
What is -404 (base 13) in base 12?
-488
Convert 110001001 (base 2) to base 3.
112120
221221 (base 3) to base 7
2020
What is -a963 (base 11) in base 6?
-150552
-220221 (base 3) to base 8
-1241
What is 1721 (base 13) in base 15?
1022
12322 (base 4) to base 2
110111010
Convert -2000212002 (base 3) to base 9.
-60762
Convert 12002 (base 4) to base 5.
3021
Convert 2022 (base 4) to base 10.
138
What is 3739 (base 16) in base 7?
56134
What is 3010 (base 8) in base 10?
1544
What is -567 (base 12) in base 10?
-799
Convert -9b1 (base 14) to base 9.
-2562
What is 17341 (base 12) in base 15?
9d0d
52434 (base 6) to base 12
411a
Convert a20a (base 16) to base 15.
c457
What is 36365 (base 7) in base 13?
43c4
Convert 7616 (base 10) to base 5.
220431
Convert -6612 (base 14) to base 8.
-42370
What is 30413 (base 6) in base 5?
112131
What is -10011111001111100 (base 2) in base 16?
-13e7c
9dc4 (base 15) to base 14
c2ba
What is -5551 (base 6) in base 13?
-784
What is 233012 (base 4) in base 5?
44024
What is -7eb (base 15) in base 12?
-1058
What is 453523 (base 6) in base 11?
26964
-672 (base 11) to base 10
-805
What is 52110 (base 7) in base 8?
30713
Convert -220100 (base 4) to base 8.
-5020
Convert 31022 (base 4) to base 8.
1512
What is 10011000 (base 2) in base 16?
98
What is 111012 (base 3) in base 4?
11210
What is -536 (base 9) in base 3?
-121020
Convert 111406 (base 7) to base 13.
8cb6
Convert -4055 (base 9) to base 16.
-b96
What is 483 (base 13) in base 4?
30033
What is 1222102 (base 3) in base 5?
21232
What is -2030 (base 6) in base 2?
-111000010
-620a (base 11) to base 13
-3999
What is 5544 (base 13) in base 12?
6a66
-1279 (base 10) to base 13
-775
Convert 821 (base 11) to base 8.
1737
What is -8325 (base 11) in base 8?
-25436
Convert -1221102 (base 3) to base 9.
-1842
Convert 101231 (base 4) to base 2.
10001101101
-51 (base 8) to base 12
-35
Convert -111101000 (base 2) to base 9.
-602
-1015131 (base 6) to base 10
-49087
Convert 3157 (base 14) to base 7.
33540
Convert 1838 (base 9) to base 15.
642
Convert -26780 (base 11) to base 13.
-14509
1533 (base 9) to base 15
529
4316 (base 7) to base 16
5fc
What is 1772 (base 9) in base 13?
809
What is 11153 (base 6) in base 14?
80d
What is -7c3 (base 15) in base 14?
-8d8
What is 24203 (base 5) in base 14?
92b
-6a5 (base 15) to base 10
-1505
Convert -143 (base 5) to base 16.
-30
What is -1281 (base 13) in base 15?
-bb0
What is -4587 (base 9) in base 14?
-134c
-222001 (base 3) to base 6
-3131
What is -10053 (base 7) in base 5?
-34224
What is 7564 (base 9) in base 12?
327a
What is -356 (base 16) in base 12?
-5b2
What is b86 (base 15) in base 5?
40401
What is 79a (base 13) in base 11?
a91
-234 (base 15) to base 8
-763
Convert -12110 (base 7) to base 15.
-de8
Convert 313033 (base 5) to base 7.
42205
Convert -1011011100 (base 2) to base 13.
-444
37b8 (base 13) to base 3
101212112
What is -100101 (base 3) in base 16?
-fd
What is 11111100 (base 2) in base 13?
165
-11355 (base 6) to base 8
-3167
What is 24212 (base 5) in base 13?
a90
What is 55 (base 10) in base 16?
37
What is 4635 (base 7) in base 11?
12a9
415 (base 11) to base 6
2152
Convert 3312 (base 5) to base 10.
457
Convert -3331323 (base 4) to base 15.
-4c36
What is 112203 (base 4) in base 15?
663
Convert -40c (base 15) to base 10.
-912
What is -3330203 (base 5) in base 13?
-20633
What is -12210210 (base 3) in base 16?
-1089
Convert 4581 (base 13) to base 14.
3798
What is -33021 (base 4) in base 6?
-4253
11121303 (base 4) to base 6
250243
Convert 839 (base 10) to base 12.
59b
What is 1dc (base 14) in base 4?
12012
What is -3310 (base 13) in base 9?
-10671
Convert -9826 (base 10) to base 3.
-111110221
What is -101311 (base 4) in base 13?
-69a
What is -7068 (base 9) in base 15?
-17e5
What is 454 (base 9) in base 3?
111211
Convert 64051 (base 10) to base 11.
44139
Convert 14c9 (base 13) to base 7.
11600
Convert 4312 (base 5) to base 10.
582
What is 91a (base 12) in base 6?
10034
What is -40554 (base 7) in base 16?
-26a0
-54b (base 13) to base 3
-1020122
323432 (base 5) to base 16
2b6d
acd (base 16) to base 14
1017
What is 34230 (base 5) in base 6?
15144
-4ca (base 16) to base 14
-638
-2032 (base 4) to base 5
-1032
212211 (base 3) to base 7
1606
2ea (base 16) to base 8
1352
Convert -1b5 (base 15) to base 16.
-18b
What is -14509 (base 15) in base 6?
-1222043
2778 (base 14) to base 7
26211
What is 28164 (base 10) in base 7?
145053
Convert -10001011 (base 2) to base 3.
-12011
Convert -1431 (base 9) to base 8.
-2071
Convert 13110 (base 4) to base 2.
111010100
21184 (base 9) to base 16
36b8
What is 131 (base 16) in base 4?
10301
Convert -74 (base 9) to base 16.
-43
What is -7752 (base 9) in base 15?
-1a62
What is 450203 (base 6) in base 8?
111433
69 (base 13) to base 8
127
What is 34413 (base 5) in base 12?
152b
-20572 (base 10) to base 9
-31187
What is 4050 (base 10) in base 14?
1694
42 (base 16) to base 12
56
What is 33255 (base 7) in base 4?
2002302
Convert 313404 (base 7) to base 9.
82126
Convert -2140101 (base 5) to base 6.
-442501
Convert -10001100 (base 2) to base 9.
-165
Convert -10220 (base 3) to base 4.
-1221
-500b (base 13) to base 4
-2223310
11625 (base 7) to base 12
1929
Convert -4444 (base 6) to base 12.
-724
What is -10001111100000000 (base 2) in base 16?
-11f00
Convert 2152 (base 12) to base 9.
5018
-1010110101 (base 2) to base 15
-313
-27874 (base 11) to base 7
-223410
Convert 105 (base 14) to base 4.
3021
Convert 133 (base 12) to base 8.
267
What is 9561 (base 12) in base 2?
11111111011001
-292b (base 12) to base 7
-16646
Convert 100101111 (base 2) to base 4.
10233
What is -459f (base 16) in base 15?
-5433
Convert -4104 (base 7) to base 15.
-650
-154 (base 16) to base 3
-110121
What is -15212 (base 6) in base 10?
-2456
2150 (base 6) to base 2
111110010
What is -9355 (base 16) in base 5?
-2201332
-8b2 (base 16) to base 6
-14150
-1132 (base 7) to base 10
-415
What is 1202 (base 11) in base 2?
11000100111
Convert -122220100 (base 3) to base 4.
-3023322
Convert 172a (base 13) to base 5.
102131
1210 (base 3) to base 11
44
1011 (base 5) to base 7
245
What is -100011111100001 (base 2) in base 10?
-18401
Convert -1677b (base 14) to base 12.
-28749
Convert -12600 (base 9) to base 4.
-2010321
Convert 17ab0 (base 12) to base 14.
c776
Convert bc24 (base 14) to base 3.
1122200020
8672 (base 10) to base 6
104052
12414 (base 5) to base 10
984
Convert -110100000 (base 2) to base 12.
-2a8
-3241 (base 11) to base 2
-1000010111000
Convert 10111111 (base 2) to base 13.
119
-1330320 (base 4) to base 7
-32205
2b09 (base 14) to base 12
4519
What is 100011000001011 (base 2) in base 7?
103164
Convert -354 (base 11) to base 2.
-110100110
What is 1064 (base 13) in base 10?
2279
71642 (base 9) to base 8
134114
What is 254 (base 8) in base 4?
2230
Convert -221 (base 5) to base 6.
-141
213230 (base 4) to base 6
15432
42c1 (base 14) to base 6
125225
Convert 58ab (base 14) to base 5.
443224
Convert -120 (base 13) to base 3.
-21020
Convert -1015 (base 6) to base 4.
-3203
What is 1023 (base 6) in base 12?
173
cbbe (base 15) to base 3
2012012022
-20012120 (base 3) to base 10
-4524
What is -240